. What is the greatest common factor of y and c?
9
Suppose -5*f + 2376 = -f. Calculate the greatest common divisor of 54 and f.
54
Let w = -2 + 4. Let g = -8 - -12. Suppose 0 = -g*z - 0*z + 40. What is the highest common factor of w and z?
2
Suppose -7 = -4*x + 13. Let c = 9 - 4. Calculate the highest common divisor of x and c.
5
Let n be 33/6*(-18)/(-1). What is the greatest common divisor of 9 and n?
9
Let m be (-34)/(-10) + (-6)/15. Suppose -28 = -m*n + 107. What is the highest common factor of n and 5?
5
Let p = 7 + -1. Let t be (-33)/(-9) + 1/3. Calculate the greatest common factor of p and t.
2
Let t be 0 - (4 + 1 + -9 + 0). What is the highest common factor of 68 and t?
4
Suppose 3*o = -5*m + 2 + 285, 5*o - 295 = -5*m. What is the highest common factor of 22 and m?
11
Let z be -6*((-10)/(-6) + -1). Let w = -1 - z. Let f = w - -3. Calculate the highest common factor of 6 and f.
6
Let s be 5/2*(-16)/(-12)*36. What is the highest common divisor of s and 24?
24
Let n(b) = -b**2 - b. Let y be n(-2). Let c = -2 - y. Suppose 3*f - 4*u - 31 = c, -5 = -3*f - 4*u + 18. What is the highest common factor of f and 99?
9
Suppose 4*l = 9 + 11. Suppose -2*n - 3*n = -5*q - 250, -238 = -l*n - q. Calculate the greatest common factor of n and 6.
6
Let a = -17 - -28. Let v(n) = -8*n - 11. Let y be v(a). Let u = -63 - y. Calculate the highest common divisor of 18 and u.
18
Suppose 0 = -4*u + 11 + 1. Let w(j) = j**3 - j**2 + j - 2. Let h be w(2). Let l be (54/h)/(6/12). What is the greatest common factor of u and l?
3
Suppose u - 3*o + 12 = 0, -3*u = -2*o - 2*o + 36. Let a be u/5*-1*5. Suppose -5*b = -7*b + 24. What is the highest common factor of a and b?
12
Suppose 4*t = -k + 231, t = -4*t + 2*k + 279. Suppose 5*l - 28 - t = 0. Suppose -4*n + 23 = -l. Calculate the greatest common divisor of 25 and n.
5
Let w be 212/10 + (-2)/10. Let f be 0/1*-1 - -14. What is the highest common factor of w and f?
7
Let j(g) = g**2 + 7*g + 2. Suppose 2 + 14 = -4*p. Let b be 4 - 10 - (-2 - p). Let d be j(b). What is the highest common factor of 80 and d?
10
Let k(m) = 4*m**2 - 9*m - 9. Let n be k(-6). Calculate the highest common divisor of n and 27.
27
Let z be (-2)/(-3) - 24/(-18). Let m(o) = -o**2 - z - o + 2*o + 0 + 2*o**2. Let g be m(-5). What is the highest common divisor of 6 and g?
6
Let q be 6/(-4)*6/(-3). Let y be (-12)/8*(-2)/q. What is the highest common divisor of y and 6?
1
Let s(l) = -7*l - 1. Let g = 0 - 2. Let w be s(g). Let h = w + -2. Calculate the greatest common factor of 1 and h.
1
Let r be ((-7)/14)/(1/104). Let p = r + 103. Let j be 378/22 + (-2)/11. What is the highest common divisor of j and p?
17
Suppose -12 + 4 = -4*n. What is the highest common divisor of 3 and n?
1
Suppose 2*t + 2*t - 24 = 0. What is the greatest common divisor of t and 6?
6
Suppose -26 = -f - f + 4*d, 0 = -d - 3. Let s = 21 + f. What is the greatest common factor of s and 70?
14
Let n(q) = -53*q + 3. Let y be n(-3). Let r = -78 + y. What is the greatest common divisor of 12 and r?
12
Suppose -c = 4, 0 = -3*h - 4*c - 10. Suppose -5*u = 10, 0 = h*s - u - 3*u - 272. What is the greatest common divisor of s and 12?
12
Let f(z) = -29*z. Suppose -5*m = -3*m + 2. Let q be f(m). Suppose 3*y - q = -2. What is the highest common divisor of 1 and y?
1
Let i = -16 - -17. Calculate the highest common divisor of 4 and i.
1
Suppose -3*m = 2*m - 220. What is the highest common factor of 22 and m?
22
Let o be (-10)/2*45/(-25). Let k be ((-15)/o)/((-3)/9). Calculate the greatest common divisor of 40 and k.
5
Let c = -33 - -25. Let o(m) be the third derivative of -7*m**4/24 + 2*m**3/3 + m**2. Let g be o(c). What is the highest common factor of 15 and g?
15
Suppose -3*a - 3*c - 273 = -4*a, 275 = a - c. What is the greatest common factor of a and 12?
12
Suppose -8*k + 15 = -3*k, 4*f = 4*k + 4. Suppose 0*v = f*i + 3*v - 23, -5*v + 29 = 2*i. What is the greatest common divisor of 10 and i?
2
Let d(q) = -4*q - 3*q**2 + q**2 + 6 + q**2. Let p be d(-6). Let x be (-1)/1*p - -1. What is the greatest common divisor of 35 and x?
7
Let c(u) = -11*u - 2. Let t be c(-4). Suppose 8 = 5*j - t. Calculate the greatest common divisor of 70 and j.
10
Let t = 15 + -7. Let f be 156/t - 2/4. Let h = f + 5. Calculate the highest common divisor of 16 and h.
8
Suppose -355 = -5*t + j, -6*j = 5*t - 3*j - 375. Let k(z) = -11*z + 1. Let a be k(5). Let r be (a/(-7))/3*7. What is the greatest common divisor of r and t?
18
Let f = 9 - -1. What is the highest common factor of 10 and f?
10
Let y be 1/2 - (-14)/(-4). Let u = 47 - 26. Let c = u + y. Calculate the highest common factor of 27 and c.
9
Let p(v) = -2*v**3 - 13*v**2 + 4*v - 1. Let s be p(-9). Suppose -d + s = 3*d. What is the highest common divisor of 23 and d?
23
Let i(m) = m**3 - 5*m**2 - 9*m - 22. Let f be i(7). What is the greatest common factor of f and 65?
13
Let t be (5*-2)/(-2)*15. Suppose 5*f + 0*f = 30. Suppose 69 + f = 5*q. Calculate the greatest common factor of t and q.
15
Let s = -6 + 16. What is the highest common factor of 80 and s?
10
Let d be (-526)/(-18) + 2/(-9). Suppose -2*p + d = -55. What is the greatest common divisor of p and 14?
14
Suppose 0 = -5*s + 2 + 3. Suppose -4*n = -2*n + 2*j + 10, -5*n - s = -j. Let v be -22*(-3 + 2 + n). What is the greatest common factor of 4 and v?
4
Suppose -10*k = -92 - 68. What is the greatest common factor of 32 and k?
16
Let i be (2 + 12/(-3))/(-2). Let z be 1/(-2)*(-32)/i. Let m(v) = v**2 - 3*v - 6. Let o be m(5). What is the highest common divisor of z and o?
4
Let i be ((-284)/3)/(-1)*3. Let u = 410 - i. Let r(s) = 2*s**2 + 4*s - 2. Let y be r(-4). Calculate the highest common factor of y and u.
14
Suppose -2*t = -0 - 6. Suppose 2*b - 5*y - 37 = 0, 29 = b + t*b - y. Calculate the highest common divisor of b and 12.
6
Let m be 1*(-37 - (0 - -2)). Let c = m + 71. What is the highest common divisor of c and 48?
16
Let m(i) = 17*i**2 + 10*i - 17. Let c be m(4). What is the greatest common divisor of 118 and c?
59
Let a be 1*(-7)/((-35)/45). What is the greatest common factor of 18 and a?
9
Let k = -6 - -11. What is the highest common factor of k and 20?
5
Suppose -4*c + 105 = -c. Suppose d = -g, -d - 2 = -2*g - 17. What is the highest common divisor of c and d?
5
Let n(i) = -3*i**3 - 5*i**2 + 5*i + 6. Suppose -7*l = -6*l - z + 5, 0 = -l - 4*z - 5. Let x be n(l). What is the greatest common factor of x and 21?
21
Let m(o) = 7*o**2 + 2*o + 1. Let c be m(-2). Let n = c - 18. Calculate the greatest common divisor of n and 7.
7
Suppose 3*z - 1 - 8 = 0. Suppose 0 = z*f + 2*f + 5. Let n = f + 8. Calculate the highest common divisor of 7 and n.
7
Let v = 2 + -8. Let o be (5 + v)*(-2 + 1). Calculate the greatest common divisor of o and 4.
1
Suppose 2*g = 7*g - 80. What is the greatest common factor of g and 32?
16
Let a be 12/2*(-8)/(-12). Let x be 9/(-6) - (-326)/a. What is the highest common factor of 10 and x?
10
Suppose 38 = -16*i + 214. What is the greatest common factor of i and 110?
11
Let n be 3 - 6*(-58)/4. Let s be 312/18 + 4/6. What is the greatest common factor of n and s?
18
Let c(n) = -n. Let j be c(-3). Suppose 2*x - 42 = -7*v + 2*v, -x - 34 = -j*v. What is the greatest common divisor of 100 and v?
10
Let m(l) = -l**3 + 3*l - 2. Suppose -5 - 1 = -2*b. Let p be (-1 + -1 + b)*-3. Let t be m(p). Calculate the highest common factor of 4 and t.
4
Let d be 3/(-21) + 648/28. Suppose -6*k + d = 5. Calculate the greatest common factor of k and 21.
3
Suppose 0*s + 11 = s. Suppose 0*i = -5*i + 1980. Suppose -4*r - 88 = -i. Calculate the greatest common divisor of r and s.
11
Let n(b) = b**3 + b**2 + b. Let s(p) = 6*p**3 + 12*p**2 + 7*p. Let x(f) = -5*n(f) + s(f). Let k be x(-6). What is the greatest common factor of 3 and k?
3
Let t = 15 + 4. What is the highest common divisor of t and 19?
19
Suppose 0 = -0*p + 7*p - 336. Calculate the greatest common divisor of p and 48.
48
Let l(v) = v**2 - 13*v - 20. Let q be l(15). Calculate the greatest common factor of q and 70.
10
Suppose -4*y + 2*y = 0. Let q = 9 + y. What is the highest common factor of 18 and q?
9
Let m = -82 - -148. Suppose -5*z + 120 = -2*w, -w = 3*z - 6 - m. Calculate the highest common factor of 36 and z.
12
Let i(j) = j + 3. Let l be i(0). Let d be